{"id":592,"date":"2016-02-08T14:46:25","date_gmt":"2016-02-08T12:46:25","guid":{"rendered":"http:\/\/nextform.sk\/?page_id=592"},"modified":"2016-02-23T13:18:22","modified_gmt":"2016-02-23T11:18:22","slug":"dan-z-nehnutelnosti-a-komunalny-odpad","status":"publish","type":"page","link":"https:\/\/nextform.sk\/?page_id=592","title":{"rendered":"Samospr\u00e1va &#8211; Da\u0148 z nehnute\u013enosti a komun\u00e1lny odpad"},"content":{"rendered":"<p><em>Pre samospr\u00e1vy pon\u00fakame rie\u0161enia na spracovanie da\u0148ov\u00fdch rozhodnut\u00ed, komun\u00e1lneho odpadu, upomienok a\u00a0ostatn\u00fdch tla\u010dov\u00fdch \u00faloh.<\/em><\/p>\n<p><em>Rie\u0161enie je postaven\u00e9 na technol\u00f3gii <a href=\"http:\/\/nextform.sk\/?page_id=221\">pressure seal<\/a>, ktor\u00e1 u\u013eah\u010d\u00ed nez\u00e1\u017eivn\u00fa pr\u00e1cu a\u00a0zefekt\u00edvni n\u00e1klady spojen\u00e9 s\u00a0ob\u00e1lkovan\u00edm. Pri pr\u00edprave samotn\u00e9ho dizajnu formul\u00e1ru spolupracuje s dod\u00e1vate\u013emi informa\u010dn\u00fdch syst\u00e9mov.<\/em><\/p>\n<p><em>V\u00fdsledn\u00fd tvar doru\u010denkov\u00fdch ob\u00e1lok je schv\u00e1len\u00fd\u00a0Slovenskou po\u0161tou.<\/em><\/p>\n<p><em>V pr\u00edpade, \u017ee m\u00e1te z\u00e1ujem o vypracovanie nez\u00e1v\u00e4znej cenovej kalkul\u00e1cie, bez v\u00e1hania n\u00e1s kontaktujte.<\/em><\/p>\n<p><strong>Poskytujeme:<\/strong><\/p>\n<p><em>1. &#8211; technologick\u00fd Outsourcing (pren\u00e1jom zariaden\u00ed)<\/em><br \/>\n<em> 2. &#8211; produk\u010dn\u00fd Outsourcing (tla\u010d a ob\u00e1lkovanie dokumentov)<\/em><br \/>\n<em> 3. &#8211; \u00faprava a tvorba softwaru pre tla\u010d dokumentov<\/em><\/p>\n<p><a href=\"http:\/\/nextform.sk\/wp-content\/uploads\/2013\/02\/formular1.png\"><img loading=\"lazy\" class=\"aligncenter size-full wp-image-422\" src=\"http:\/\/nextform.sk\/wp-content\/uploads\/2013\/02\/formular1.png\" alt=\"formular1\" width=\"172\" height=\"236\" \/><\/a><\/p>\n","protected":false},"excerpt":{"rendered":"<p>Pre samospr\u00e1vy pon\u00fakame rie\u0161enia na spracovanie da\u0148ov\u00fdch rozhodnut\u00ed, komun\u00e1lneho odpadu, upomienok a\u00a0ostatn\u00fdch tla\u010dov\u00fdch \u00faloh. Rie\u0161enie je postaven\u00e9 na technol\u00f3gii pressure seal, ktor\u00e1 u\u013eah\u010d\u00ed nez\u00e1\u017eivn\u00fa pr\u00e1cu a\u00a0zefekt\u00edvni n\u00e1klady spojen\u00e9 s\u00a0ob\u00e1lkovan\u00edm. Pri pr\u00edprave samotn\u00e9ho dizajnu formul\u00e1ru spolupracuje s dod\u00e1vate\u013emi informa\u010dn\u00fdch syst\u00e9mov. V\u00fdsledn\u00fd tvar doru\u010denkov\u00fdch ob\u00e1lok je schv\u00e1len\u00fd\u00a0Slovenskou po\u0161tou. V pr\u00edpade, \u017ee m\u00e1te z\u00e1ujem o vypracovanie nez\u00e1v\u00e4znej cenovej<\/p>\n","protected":false},"author":1,"featured_media":0,"parent":0,"menu_order":0,"comment_status":"closed","ping_status":"closed","template":"","meta":{"ngg_post_thumbnail":0},"_links":{"self":[{"href":"https:\/\/nextform.sk\/index.php?rest_route=\/wp\/v2\/pages\/592"}],"collection":[{"href":"https:\/\/nextform.sk\/index.php?rest_route=\/wp\/v2\/pages"}],"about":[{"href":"https:\/\/nextform.sk\/index.php?rest_route=\/wp\/v2\/types\/page"}],"author":[{"embeddable":true,"href":"https:\/\/nextform.sk\/index.php?rest_route=\/wp\/v2\/users\/1"}],"replies":[{"embeddable":true,"href":"https:\/\/nextform.sk\/index.php?rest_route=%2Fwp%2Fv2%2Fcomments&post=592"}],"version-history":[{"count":9,"href":"https:\/\/nextform.sk\/index.php?rest_route=\/wp\/v2\/pages\/592\/revisions"}],"predecessor-version":[{"id":710,"href":"https:\/\/nextform.sk\/index.php?rest_route=\/wp\/v2\/pages\/592\/revisions\/710"}],"wp:attachment":[{"href":"https:\/\/nextform.sk\/index.php?rest_route=%2Fwp%2Fv2%2Fmedia&parent=592"}],"curies":[{"name":"wp","href":"https:\/\/api.w.org\/{rel}","templated":true}]}}