{"id":606,"date":"2016-02-08T14:59:29","date_gmt":"2016-02-08T12:59:29","guid":{"rendered":"http:\/\/nextform.sk\/?page_id=606"},"modified":"2016-02-23T10:33:21","modified_gmt":"2016-02-23T08:33:21","slug":"vyplatne-pasky","status":"publish","type":"page","link":"https:\/\/nextform.sk\/?page_id=606","title":{"rendered":"V\u00fdplatn\u00e9 p\u00e1sky"},"content":{"rendered":"<p><em>Tla\u010d v\u00fdplatn\u00fdch p\u00e1sok technol\u00f3giou <a href=\"http:\/\/nextform.sk\/?page_id=221\">pressure seal<\/a> je modern\u00fd a efekt\u00edvny variant oproti preklepov\u00fdm (carbon) p\u00e1skam pre ihli\u010dkov\u00e9 tla\u010diarne.<\/em><\/p>\n<p><em>Na tla\u010d m\u00f4\u017eete vyu\u017e\u00edva\u0165 ak\u00fako\u013evek laserov\u00fa tla\u010diare\u0148. Formul\u00e1re s\u00fa opatren\u00e9 vrstvou lepidla na miestach, kde m\u00e1 by\u0165 formul\u00e1r po spracovan\u00ed zalepen\u00fd aby dostal v\u00fdsledn\u00fd\u00a0tvar ob\u00e1lky. Lepidlo sa aktivuje tlakom vo valcoch obalkovacieho zariadenia pri fin\u00e1lnom spracovan\u00ed. Toto zabezpe\u010duje pevn\u00fd spoj a v\u00fdsledn\u00fa ob\u00e1lku nie je mo\u017en\u00e9 otvori\u0165 bez jej zjavn\u00e9ho po\u0161kodenia.<\/em><\/p>\n<p><strong>vrstva lepidla<\/strong><\/p>\n<p><img loading=\"lazy\" class=\"aligncenter size-full wp-image-423\" src=\"http:\/\/nextform.sk\/wp-content\/uploads\/2013\/02\/vrstva_lepidla.jpg\" alt=\"vrstva_lepidla\" width=\"142\" height=\"112\" \/><br \/>\n<strong>po\u0161kodenie lepidla po n\u00e1silnom otvoren\u00ed<\/strong><\/p>\n<p><img loading=\"lazy\" class=\"aligncenter size-full wp-image-427\" src=\"http:\/\/nextform.sk\/wp-content\/uploads\/2013\/02\/poskodenie.jpg\" alt=\"poskodenie\" width=\"211\" height=\"94\" \/><\/p>\n<p><em>Na po\u017eiadanie V\u00e1m obratom vypracujeme cenov\u00fa kalkul\u00e1ciu na ob\u00e1lkovacie zariadenie, formul\u00e1re a \u00fapravu programov\u00e9ho vybavenia.<\/em><\/p>\n<p><em>Pokia\u013e nem\u00e1te z\u00e1ujem investova\u0165 do technol\u00f3gie, ale m\u00e1te z\u00e1ujem o rie\u0161enie po\u017eiadajte n\u00e1s o\u00a0vypracovanie kalkul\u00e1cie bez zak\u00fapen\u00e9ho stroja.<\/em><\/p>\n<p><em><a href=\"http:\/\/nextform.sk\/wp-content\/uploads\/2016\/02\/obalka.png\" rel=\"attachment wp-att-703\"><img loading=\"lazy\" class=\"size-full wp-image-703 alignleft\" src=\"http:\/\/nextform.sk\/wp-content\/uploads\/2016\/02\/obalka.png\" alt=\"obalka\" width=\"263\" height=\"254\" \/><\/a><\/em><\/p>\n","protected":false},"excerpt":{"rendered":"<p>Tla\u010d v\u00fdplatn\u00fdch p\u00e1sok technol\u00f3giou pressure seal je modern\u00fd a efekt\u00edvny variant oproti preklepov\u00fdm (carbon) p\u00e1skam pre ihli\u010dkov\u00e9 tla\u010diarne. Na tla\u010d m\u00f4\u017eete vyu\u017e\u00edva\u0165 ak\u00fako\u013evek laserov\u00fa tla\u010diare\u0148. Formul\u00e1re s\u00fa opatren\u00e9 vrstvou lepidla na miestach, kde m\u00e1 by\u0165 formul\u00e1r po spracovan\u00ed zalepen\u00fd aby dostal v\u00fdsledn\u00fd\u00a0tvar ob\u00e1lky. Lepidlo sa aktivuje tlakom vo valcoch obalkovacieho zariadenia pri fin\u00e1lnom spracovan\u00ed. Toto<\/p>\n","protected":false},"author":1,"featured_media":0,"parent":0,"menu_order":0,"comment_status":"closed","ping_status":"closed","template":"","meta":{"ngg_post_thumbnail":0},"_links":{"self":[{"href":"https:\/\/nextform.sk\/index.php?rest_route=\/wp\/v2\/pages\/606"}],"collection":[{"href":"https:\/\/nextform.sk\/index.php?rest_route=\/wp\/v2\/pages"}],"about":[{"href":"https:\/\/nextform.sk\/index.php?rest_route=\/wp\/v2\/types\/page"}],"author":[{"embeddable":true,"href":"https:\/\/nextform.sk\/index.php?rest_route=\/wp\/v2\/users\/1"}],"replies":[{"embeddable":true,"href":"https:\/\/nextform.sk\/index.php?rest_route=%2Fwp%2Fv2%2Fcomments&post=606"}],"version-history":[{"count":6,"href":"https:\/\/nextform.sk\/index.php?rest_route=\/wp\/v2\/pages\/606\/revisions"}],"predecessor-version":[{"id":705,"href":"https:\/\/nextform.sk\/index.php?rest_route=\/wp\/v2\/pages\/606\/revisions\/705"}],"wp:attachment":[{"href":"https:\/\/nextform.sk\/index.php?rest_route=%2Fwp%2Fv2%2Fmedia&parent=606"}],"curies":[{"name":"wp","href":"https:\/\/api.w.org\/{rel}","templated":true}]}}